on divisor of 78207 and 55151.
131
Calculate the highest common divisor of 2136 and 143631.
3
What is the highest common factor of 3178196 and 336?
28
Calculate the highest common factor of 480 and 11412816.
48
What is the highest common divisor of 36706922 and 14?
14
What is the highest common factor of 583366 and 378?
14
What is the highest common divisor of 57 and 9349311?
57
What is the highest common factor of 452656 and 1264?
16
Calculate the highest common factor of 65374724 and 68.
68
What is the highest common divisor of 290550 and 228150?
1950
Calculate the greatest common factor of 114395 and 7450705.
835
What is the greatest common factor of 5640242 and 133966?
2734
Calculate the highest common factor of 579172 and 11308.
44
What is the highest common factor of 2101697 and 9015?
601
What is the greatest common factor of 3172607 and 472?
59
What is the greatest common divisor of 2426070 and 483606?
402
Calculate the highest common factor of 4038658 and 494.
26
Calculate the greatest common factor of 67797 and 496620.
279
Calculate the highest common divisor of 581 and 117814848.
83
What is the highest common divisor of 899 and 4896?
1
Calculate the greatest common divisor of 2838367 and 14.
7
What is the greatest common divisor of 62706679 and 21?
7
Calculate the highest common divisor of 88288 and 821872.
496
What is the highest common factor of 7 and 130519186?
7
Calculate the greatest common divisor of 361399 and 54429832.
15713
What is the highest common factor of 13159408 and 488?
488
What is the greatest common divisor of 435 and 1564544055?
435
What is the greatest common factor of 1139 and 234567?
67
Calculate the greatest common factor of 40322247 and 1029.
147
What is the highest common divisor of 8995586 and 7209?
89
What is the greatest common factor of 736 and 666747?
23
What is the greatest common factor of 70 and 1313450?
10
What is the highest common factor of 14674 and 459448?
506
What is the greatest common factor of 559812 and 1188?
132
What is the greatest common factor of 102 and 2500494?
6
What is the highest common factor of 2233 and 12443291?
203
What is the highest common divisor of 60 and 6112824?
12
Calculate the highest common factor of 370224 and 6405696.
432
What is the highest common factor of 121942446 and 164?
82
What is the highest common factor of 44444 and 39852?
164
What is the greatest common divisor of 8172 and 4044?
12
What is the highest common divisor of 645 and 7708782?
129
What is the highest common factor of 1958754 and 184611?
3129
What is the greatest common divisor of 21142 and 3531148?
62
What is the greatest common divisor of 532 and 6830652?
76
Calculate the greatest common divisor of 828531 and 396.
99
Calculate the greatest common divisor of 3028403 and 267.
89
Calculate the greatest common factor of 3840 and 8261280.
480
What is the greatest common divisor of 11212937 and 1334?
667
What is the greatest common divisor of 91214 and 103582?
1546
Calculate the greatest common factor of 3992 and 179524232.
3992
Calculate the greatest common divisor of 8060 and 1524835.
65
What is the highest common factor of 7053295 and 345?
115
Calculate the highest common factor of 40282 and 22759.
11
Calculate the highest common divisor of 83359999 and 124192.
3881
What is the highest common divisor of 823024202 and 546?
182
Calculate the highest common factor of 6375708 and 13113.
279
What is the greatest common factor of 433029 and 6964887?
4047
What is the greatest common factor of 801040 and 2115440?
2480
Calculate the highest common divisor of 20861 and 743.
1
What is the greatest common factor of 62260 and 15893280?
5660
What is the greatest common factor of 7028315 and 245?
245
What is the highest common factor of 2628214 and 118?
118
What is the highest common factor of 64 and 14865952?
32
What is the greatest common factor of 211763 and 107642?
503
What is the greatest common factor of 2992 and 2218092?
68
What is the greatest common divisor of 98 and 135686768?
14
What is the greatest common divisor of 174 and 7961631?
87
What is the greatest common divisor of 22485 and 24315?
15
What is the highest common factor of 2055 and 5459039?
137
What is the highest common factor of 7826994 and 282?
6
Calculate the highest common divisor of 245 and 40789315.
245
What is the greatest common factor of 1618602 and 121878?
222
Calculate the highest common divisor of 168 and 139600860.
84
Calculate the highest common divisor of 264771 and 52793.
403
What is the greatest common factor of 840 and 31612665?
105
What is the highest common divisor of 83 and 242469?
1
Calculate the highest common divisor of 27130 and 55928495.
13565
What is the highest common divisor of 1592585874 and 11?
11
Calculate the greatest common divisor of 47252242 and 3447.
383
What is the highest common divisor of 3991 and 1619118?
307
What is the greatest common factor of 79249 and 1175663?
817
Calculate the highest common divisor of 14123 and 99122.
29
Calculate the highest common divisor of 335462 and 12874.
82
What is the highest common factor of 286959939 and 7?
7
Calculate the highest common factor of 181150428 and 108.
12
What is the highest common factor of 28744221 and 165?
33
Calculate the greatest common divisor of 45650 and 17900.
50
Calculate the highest common divisor of 10659 and 4429095.
561
Calculate the highest common factor of 135269 and 1486718.
1241
What is the greatest common divisor of 13126576 and 128?
16
Calculate the highest common divisor of 1238162 and 25164.
466
Calculate the highest common factor of 5688 and 1390983336.
5688
Calculate the highest common factor of 3258 and 31030821.
1629
What is the highest common factor of 225420 and 1750?
10
Calculate the greatest common divisor of 13113 and 152703.
423
What is the highest common factor of 385899 and 14442930?
1257
Calculate the highest common divisor of 368082 and 38478.
726
Calculate the highest common divisor of 208188555 and 60.
15
What is the greatest common divisor of 43098720 and 100?
20
Calculate the greatest common divisor of 19120 and 39472.
16
Calculate the highest common divisor of 59393124 and 15192.
7596
Calculate the highest common factor of 90747167 and 92.
23
Calculate the highest common factor of 2924 and 707404.
68
Calculate the highest common factor of 289 and 28357547.
289
What is the greatest common divisor of 19 and 410202628?
19
Calculate the highest common factor of 4270882 and 98.
14
What is the greatest common divisor of 9063900 and 15390?
810
Calculate the highest common factor of 5 and 288232.
1
Calculate the greatest common factor of 14356740 and 423835.
5365
Calculate the highest common factor of 21000 and 351960.
840
What is the greatest common factor of 766460 and 20140?
380
Calculate the greatest common divisor of 3156 and 6131319.
789
Calculate the greatest common divisor of 210651199 and 8228.
2057
What is the highest common factor of 1536 and 182532?
12
Calculate the greatest common divisor of 79096119 and 2595.
519
Calculate the greatest common factor of 1919 and 14695702.
1919
What is the greatest common factor of 192 and 2886024?
24
What is the highest common factor of 93 and 501147?
3
What is the highest common factor of 7793853 and 15423?
291
Calculate the highest common factor of 7361719 and 3296.
103
What is the greatest common divisor of 2140 and 12426552?
428
Calculate the greatest common divisor of 1364316 and 63732.
564
What is the highest common factor of 684 and 1233468?
36
What is the greatest common divisor of 4 and 4847732?
4
What is the highest common divisor of 1232 and 265573?
77
What is the highest common factor of 368 and 5007698?
46
What is the greatest common factor of 194940 and 1577760?
1140
What is the greatest common divisor of 33 and 21455687?
11
What is the greatest common factor of 1020880 and 3140?
20
What is the highest common divisor of 46643408 and 568?
8
What is the greatest common divisor of 2763 and 3170997?
9
What is the highest common factor of 6062 and 81802?
14
Calculate the highest common factor of 16758 and 618272046.
2394
Calculate the highest common divisor of 547 and 10912103.
547
Calculate the highest common divisor of 3392014 and 4016.
502
What is the highest co